{"id":9858,"date":"2025-07-07T20:18:13","date_gmt":"2025-07-07T18:18:13","guid":{"rendered":"https:\/\/www.primanedacademy.com\/opleiding\/oracle-primavera-cloud-gestion-funcional-de-la-aplicacion\/"},"modified":"2026-04-02T11:49:33","modified_gmt":"2026-04-02T09:49:33","slug":"oracle-primavera-cloud-gestion-funcional-de-la-aplicacion","status":"publish","type":"opleiding","link":"https:\/\/www.primanedacademy.com\/es\/opleiding\/oracle-primavera-cloud-gestion-funcional-de-la-aplicacion\/","title":{"rendered":"Oracle Primavera Cloud \u2013 Administrador Funcional de la Aplicaci\u00f3n"},"content":{"rendered":"<p>Primavera Cloud es una plataforma de planificaci\u00f3n muy completa y, en muchos casos, una aplicaci\u00f3n cr\u00edtica para el negocio. El administrador funcional del entorno Primavera Cloud suele participar en la configuraci\u00f3n del software desde el proceso de implementaci\u00f3n.<\/p>\n<p>Este m\u00f3dulo explica c\u00f3mo se crean y gestionan las estructuras principales del entorno, y c\u00f3mo puede adaptarse a las necesidades espec\u00edficas de cada organizaci\u00f3n. El objetivo es que el administrador funcional obtenga el m\u00e1ximo rendimiento del software.<\/p>\n<p>Esta formaci\u00f3n puede realizarse tanto presencialmente como en modalidad remota. Indica tu preferencia en el formulario de inscripci\u00f3n. Consulta tambi\u00e9n el plan de formaci\u00f3n remota.<\/p>\n","protected":false},"featured_media":9832,"template":"","class_list":["post-9858","opleiding","type-opleiding","status-publish","has-post-thumbnail","hentry"],"acf":[],"yoast_head":"<!-- This site is optimized with the Yoast SEO plugin v27.5 - https:\/\/yoast.com\/product\/yoast-seo-wordpress\/ -->\n<title>Oracle Primavera Cloud \u2013 Administrador Funcional de la Aplicaci\u00f3n - Primaned Academy<\/title>\n<meta name=\"description\" content=\"Primavera Cloud es una plataforma de planificaci\u00f3n integral y una aplicaci\u00f3n de misi\u00f3n cr\u00edtica para muchas organizaciones. El gestor funcional de la aplicaci\u00f3n suele participar desde la fase de implementaci\u00f3n, configurando el software seg\u00fan las necesidades del negocio.\" \/>\n<meta name=\"robots\" content=\"index, follow, max-snippet:-1, max-image-preview:large, max-video-preview:-1\" \/>\n<link rel=\"canonical\" href=\"https:\/\/www.primanedacademy.com\/es\/opleiding\/oracle-primavera-cloud-gestion-funcional-de-la-aplicacion\/\" \/>\n<meta property=\"og:locale\" content=\"es_ES\" \/>\n<meta property=\"og:type\" content=\"article\" \/>\n<meta property=\"og:title\" content=\"Oracle Primavera Cloud \u2013 Administrador Funcional de la Aplicaci\u00f3n - Primaned Academy\" \/>\n<meta property=\"og:description\" content=\"Primavera Cloud es una plataforma de planificaci\u00f3n integral y una aplicaci\u00f3n de misi\u00f3n cr\u00edtica para muchas organizaciones. El gestor funcional de la aplicaci\u00f3n suele participar desde la fase de implementaci\u00f3n, configurando el software seg\u00fan las necesidades del negocio.\" \/>\n<meta property=\"og:url\" content=\"https:\/\/www.primanedacademy.com\/es\/opleiding\/oracle-primavera-cloud-gestion-funcional-de-la-aplicacion\/\" \/>\n<meta property=\"og:site_name\" content=\"Primaned Academy\" \/>\n<meta property=\"article:modified_time\" content=\"2026-04-02T09:49:33+00:00\" \/>\n<meta property=\"og:image\" content=\"https:\/\/www.primanedacademy.com\/wp-content\/uploads\/Primaned_Academy_foto_cover_2.jpg\" \/>\n\t<meta property=\"og:image:width\" content=\"1920\" \/>\n\t<meta property=\"og:image:height\" content=\"755\" \/>\n\t<meta property=\"og:image:type\" content=\"image\/jpeg\" \/>\n<meta name=\"twitter:card\" content=\"summary_large_image\" \/>\n<meta name=\"twitter:label1\" content=\"Tiempo de lectura\" \/>\n\t<meta name=\"twitter:data1\" content=\"2 minutos\" \/>\n<script type=\"application\/ld+json\" class=\"yoast-schema-graph\">{\"@context\":\"https:\\\/\\\/schema.org\",\"@graph\":[{\"@type\":\"WebPage\",\"@id\":\"https:\\\/\\\/www.primanedacademy.com\\\/es\\\/opleiding\\\/oracle-primavera-cloud-gestion-funcional-de-la-aplicacion\\\/\",\"url\":\"https:\\\/\\\/www.primanedacademy.com\\\/es\\\/opleiding\\\/oracle-primavera-cloud-gestion-funcional-de-la-aplicacion\\\/\",\"name\":\"Oracle Primavera Cloud \u2013 Administrador Funcional de la Aplicaci\u00f3n - Primaned Academy\",\"isPartOf\":{\"@id\":\"https:\\\/\\\/www.primanedacademy.com\\\/#website\"},\"primaryImageOfPage\":{\"@id\":\"https:\\\/\\\/www.primanedacademy.com\\\/es\\\/opleiding\\\/oracle-primavera-cloud-gestion-funcional-de-la-aplicacion\\\/#primaryimage\"},\"image\":{\"@id\":\"https:\\\/\\\/www.primanedacademy.com\\\/es\\\/opleiding\\\/oracle-primavera-cloud-gestion-funcional-de-la-aplicacion\\\/#primaryimage\"},\"thumbnailUrl\":\"https:\\\/\\\/www.primanedacademy.com\\\/wp-content\\\/uploads\\\/Primaned_Academy_foto_cover_2.jpg\",\"datePublished\":\"2025-07-07T18:18:13+00:00\",\"dateModified\":\"2026-04-02T09:49:33+00:00\",\"description\":\"Primavera Cloud es una plataforma de planificaci\u00f3n integral y una aplicaci\u00f3n de misi\u00f3n cr\u00edtica para muchas organizaciones. El gestor funcional de la aplicaci\u00f3n suele participar desde la fase de implementaci\u00f3n, configurando el software seg\u00fan las necesidades del negocio.\",\"breadcrumb\":{\"@id\":\"https:\\\/\\\/www.primanedacademy.com\\\/es\\\/opleiding\\\/oracle-primavera-cloud-gestion-funcional-de-la-aplicacion\\\/#breadcrumb\"},\"inLanguage\":\"es\",\"potentialAction\":[{\"@type\":\"ReadAction\",\"target\":[\"https:\\\/\\\/www.primanedacademy.com\\\/es\\\/opleiding\\\/oracle-primavera-cloud-gestion-funcional-de-la-aplicacion\\\/\"]}]},{\"@type\":\"ImageObject\",\"inLanguage\":\"es\",\"@id\":\"https:\\\/\\\/www.primanedacademy.com\\\/es\\\/opleiding\\\/oracle-primavera-cloud-gestion-funcional-de-la-aplicacion\\\/#primaryimage\",\"url\":\"https:\\\/\\\/www.primanedacademy.com\\\/wp-content\\\/uploads\\\/Primaned_Academy_foto_cover_2.jpg\",\"contentUrl\":\"https:\\\/\\\/www.primanedacademy.com\\\/wp-content\\\/uploads\\\/Primaned_Academy_foto_cover_2.jpg\",\"width\":1920,\"height\":755},{\"@type\":\"BreadcrumbList\",\"@id\":\"https:\\\/\\\/www.primanedacademy.com\\\/es\\\/opleiding\\\/oracle-primavera-cloud-gestion-funcional-de-la-aplicacion\\\/#breadcrumb\",\"itemListElement\":[{\"@type\":\"ListItem\",\"position\":1,\"name\":\"Home\",\"item\":\"https:\\\/\\\/www.primanedacademy.com\\\/es\\\/\"},{\"@type\":\"ListItem\",\"position\":2,\"name\":\"Opleidingen\",\"item\":\"https:\\\/\\\/www.primanedacademy.com\\\/opleiding\\\/\"},{\"@type\":\"ListItem\",\"position\":3,\"name\":\"Oracle Primavera Cloud \u2013 Administrador Funcional de la Aplicaci\u00f3n\"}]},{\"@type\":\"WebSite\",\"@id\":\"https:\\\/\\\/www.primanedacademy.com\\\/#website\",\"url\":\"https:\\\/\\\/www.primanedacademy.com\\\/\",\"name\":\"Primaned Academy\",\"description\":\"Opleidingen in Projectbeheersing \\\/ Project Controls\",\"potentialAction\":[{\"@type\":\"SearchAction\",\"target\":{\"@type\":\"EntryPoint\",\"urlTemplate\":\"https:\\\/\\\/www.primanedacademy.com\\\/?s={search_term_string}\"},\"query-input\":{\"@type\":\"PropertyValueSpecification\",\"valueRequired\":true,\"valueName\":\"search_term_string\"}}],\"inLanguage\":\"es\"}]}<\/script>\n<!-- \/ Yoast SEO plugin. -->","yoast_head_json":{"title":"Oracle Primavera Cloud \u2013 Administrador Funcional de la Aplicaci\u00f3n - Primaned Academy","description":"Primavera Cloud es una plataforma de planificaci\u00f3n integral y una aplicaci\u00f3n de misi\u00f3n cr\u00edtica para muchas organizaciones. El gestor funcional de la aplicaci\u00f3n suele participar desde la fase de implementaci\u00f3n, configurando el software seg\u00fan las necesidades del negocio.","robots":{"index":"index","follow":"follow","max-snippet":"max-snippet:-1","max-image-preview":"max-image-preview:large","max-video-preview":"max-video-preview:-1"},"canonical":"https:\/\/www.primanedacademy.com\/es\/opleiding\/oracle-primavera-cloud-gestion-funcional-de-la-aplicacion\/","og_locale":"es_ES","og_type":"article","og_title":"Oracle Primavera Cloud \u2013 Administrador Funcional de la Aplicaci\u00f3n - Primaned Academy","og_description":"Primavera Cloud es una plataforma de planificaci\u00f3n integral y una aplicaci\u00f3n de misi\u00f3n cr\u00edtica para muchas organizaciones. El gestor funcional de la aplicaci\u00f3n suele participar desde la fase de implementaci\u00f3n, configurando el software seg\u00fan las necesidades del negocio.","og_url":"https:\/\/www.primanedacademy.com\/es\/opleiding\/oracle-primavera-cloud-gestion-funcional-de-la-aplicacion\/","og_site_name":"Primaned Academy","article_modified_time":"2026-04-02T09:49:33+00:00","og_image":[{"width":1920,"height":755,"url":"https:\/\/www.primanedacademy.com\/wp-content\/uploads\/Primaned_Academy_foto_cover_2.jpg","type":"image\/jpeg"}],"twitter_card":"summary_large_image","twitter_misc":{"Tiempo de lectura":"2 minutos"},"schema":{"@context":"https:\/\/schema.org","@graph":[{"@type":"WebPage","@id":"https:\/\/www.primanedacademy.com\/es\/opleiding\/oracle-primavera-cloud-gestion-funcional-de-la-aplicacion\/","url":"https:\/\/www.primanedacademy.com\/es\/opleiding\/oracle-primavera-cloud-gestion-funcional-de-la-aplicacion\/","name":"Oracle Primavera Cloud \u2013 Administrador Funcional de la Aplicaci\u00f3n - Primaned Academy","isPartOf":{"@id":"https:\/\/www.primanedacademy.com\/#website"},"primaryImageOfPage":{"@id":"https:\/\/www.primanedacademy.com\/es\/opleiding\/oracle-primavera-cloud-gestion-funcional-de-la-aplicacion\/#primaryimage"},"image":{"@id":"https:\/\/www.primanedacademy.com\/es\/opleiding\/oracle-primavera-cloud-gestion-funcional-de-la-aplicacion\/#primaryimage"},"thumbnailUrl":"https:\/\/www.primanedacademy.com\/wp-content\/uploads\/Primaned_Academy_foto_cover_2.jpg","datePublished":"2025-07-07T18:18:13+00:00","dateModified":"2026-04-02T09:49:33+00:00","description":"Primavera Cloud es una plataforma de planificaci\u00f3n integral y una aplicaci\u00f3n de misi\u00f3n cr\u00edtica para muchas organizaciones. El gestor funcional de la aplicaci\u00f3n suele participar desde la fase de implementaci\u00f3n, configurando el software seg\u00fan las necesidades del negocio.","breadcrumb":{"@id":"https:\/\/www.primanedacademy.com\/es\/opleiding\/oracle-primavera-cloud-gestion-funcional-de-la-aplicacion\/#breadcrumb"},"inLanguage":"es","potentialAction":[{"@type":"ReadAction","target":["https:\/\/www.primanedacademy.com\/es\/opleiding\/oracle-primavera-cloud-gestion-funcional-de-la-aplicacion\/"]}]},{"@type":"ImageObject","inLanguage":"es","@id":"https:\/\/www.primanedacademy.com\/es\/opleiding\/oracle-primavera-cloud-gestion-funcional-de-la-aplicacion\/#primaryimage","url":"https:\/\/www.primanedacademy.com\/wp-content\/uploads\/Primaned_Academy_foto_cover_2.jpg","contentUrl":"https:\/\/www.primanedacademy.com\/wp-content\/uploads\/Primaned_Academy_foto_cover_2.jpg","width":1920,"height":755},{"@type":"BreadcrumbList","@id":"https:\/\/www.primanedacademy.com\/es\/opleiding\/oracle-primavera-cloud-gestion-funcional-de-la-aplicacion\/#breadcrumb","itemListElement":[{"@type":"ListItem","position":1,"name":"Home","item":"https:\/\/www.primanedacademy.com\/es\/"},{"@type":"ListItem","position":2,"name":"Opleidingen","item":"https:\/\/www.primanedacademy.com\/opleiding\/"},{"@type":"ListItem","position":3,"name":"Oracle Primavera Cloud \u2013 Administrador Funcional de la Aplicaci\u00f3n"}]},{"@type":"WebSite","@id":"https:\/\/www.primanedacademy.com\/#website","url":"https:\/\/www.primanedacademy.com\/","name":"Primaned Academy","description":"Opleidingen in Projectbeheersing \/ Project Controls","potentialAction":[{"@type":"SearchAction","target":{"@type":"EntryPoint","urlTemplate":"https:\/\/www.primanedacademy.com\/?s={search_term_string}"},"query-input":{"@type":"PropertyValueSpecification","valueRequired":true,"valueName":"search_term_string"}}],"inLanguage":"es"}]}},"_links":{"self":[{"href":"https:\/\/www.primanedacademy.com\/es\/wp-json\/wp\/v2\/opleiding\/9858","targetHints":{"allow":["GET"]}}],"collection":[{"href":"https:\/\/www.primanedacademy.com\/es\/wp-json\/wp\/v2\/opleiding"}],"about":[{"href":"https:\/\/www.primanedacademy.com\/es\/wp-json\/wp\/v2\/types\/opleiding"}],"version-history":[{"count":2,"href":"https:\/\/www.primanedacademy.com\/es\/wp-json\/wp\/v2\/opleiding\/9858\/revisions"}],"predecessor-version":[{"id":10424,"href":"https:\/\/www.primanedacademy.com\/es\/wp-json\/wp\/v2\/opleiding\/9858\/revisions\/10424"}],"wp:featuredmedia":[{"embeddable":true,"href":"https:\/\/www.primanedacademy.com\/es\/wp-json\/wp\/v2\/media\/9832"}],"wp:attachment":[{"href":"https:\/\/www.primanedacademy.com\/es\/wp-json\/wp\/v2\/media?parent=9858"}],"curies":[{"name":"wp","href":"https:\/\/api.w.org\/{rel}","templated":true}]}}

Oracle Primavera Cloud – Administrador Funcional de la Aplicación

<p>Primavera Cloud es una plataforma de planificación muy completa y, en muchos casos, una aplicación crítica para el negocio. El administrador funcional del entorno Primavera Cloud suele participar en la configuración del software desde el proceso de implementación.</p>
<p>Este módulo explica cómo se crean y gestionan las estructuras principales del entorno, y cómo puede adaptarse a las necesidades específicas de cada organización. El objetivo es que el administrador funcional obtenga el máximo rendimiento del software.</p>
<p>Esta formación puede realizarse tanto presencialmente como en modalidad remota. Indica tu preferencia en el formulario de inscripción. Consulta también el plan de formación remota.</p>

<!-- This site is optimized with the Yoast SEO plugin v27.5 - https://yoast.com/product/yoast-seo-wordpress/ -->
<title>Oracle Primavera Cloud – Administrador Funcional de la Aplicación - Primaned Academy</title>
<meta name="description" content="Primavera Cloud es una plataforma de planificación integral y una aplicación de misión crítica para muchas organizaciones. El gestor funcional de la aplicación suele participar desde la fase de implementación, configurando el software según las necesidades del negocio." />
<meta name="robots" content="index, follow, max-snippet:-1, max-image-preview:large, max-video-preview:-1" />
<link rel="canonical" href="https://www.primanedacademy.com/es/opleiding/oracle-primavera-cloud-gestion-funcional-de-la-aplicacion/" />
<meta property="og:locale" content="es_ES" />
<meta property="og:type" content="article" />
<meta property="og:title" content="Oracle Primavera Cloud – Administrador Funcional de la Aplicación - Primaned Academy" />
<meta property="og:description" content="Primavera Cloud es una plataforma de planificación integral y una aplicación de misión crítica para muchas organizaciones. El gestor funcional de la aplicación suele participar desde la fase de implementación, configurando el software según las necesidades del negocio." />
<meta property="og:url" content="https://www.primanedacademy.com/es/opleiding/oracle-primavera-cloud-gestion-funcional-de-la-aplicacion/" />
<meta property="og:site_name" content="Primaned Academy" />
<meta property="article:modified_time" content="2026-04-02T09:49:33+00:00" />
<meta property="og:image" content="https://www.primanedacademy.com/wp-content/uploads/Primaned_Academy_foto_cover_2.jpg" />
	<meta property="og:image:width" content="1920" />
	<meta property="og:image:height" content="755" />
	<meta property="og:image:type" content="image/jpeg" />
<meta name="twitter:card" content="summary_large_image" />
<meta name="twitter:label1" content="Tiempo de lectura" />
	<meta name="twitter:data1" content="2 minutos" />
<script type="application/ld+json" class="yoast-schema-graph">{"@context":"https:\/\/schema.org","@graph":[{"@type":"WebPage","@id":"https:\/\/www.primanedacademy.com\/es\/opleiding\/oracle-primavera-cloud-gestion-funcional-de-la-aplicacion\/","url":"https:\/\/www.primanedacademy.com\/es\/opleiding\/oracle-primavera-cloud-gestion-funcional-de-la-aplicacion\/","name":"Oracle Primavera Cloud – Administrador Funcional de la Aplicación - Primaned Academy","isPartOf":{"@id":"https:\/\/www.primanedacademy.com\/#website"},"primaryImageOfPage":{"@id":"https:\/\/www.primanedacademy.com\/es\/opleiding\/oracle-primavera-cloud-gestion-funcional-de-la-aplicacion\/#primaryimage"},"image":{"@id":"https:\/\/www.primanedacademy.com\/es\/opleiding\/oracle-primavera-cloud-gestion-funcional-de-la-aplicacion\/#primaryimage"},"thumbnailUrl":"https:\/\/www.primanedacademy.com\/wp-content\/uploads\/Primaned_Academy_foto_cover_2.jpg","datePublished":"2025-07-07T18:18:13+00:00","dateModified":"2026-04-02T09:49:33+00:00","description":"Primavera Cloud es una plataforma de planificación integral y una aplicación de misión crítica para muchas organizaciones. El gestor funcional de la aplicación suele participar desde la fase de implementación, configurando el software según las necesidades del negocio.","breadcrumb":{"@id":"https:\/\/www.primanedacademy.com\/es\/opleiding\/oracle-primavera-cloud-gestion-funcional-de-la-aplicacion\/#breadcrumb"},"inLanguage":"es","potentialAction":[{"@type":"ReadAction","target":["https:\/\/www.primanedacademy.com\/es\/opleiding\/oracle-primavera-cloud-gestion-funcional-de-la-aplicacion\/"]}]},{"@type":"ImageObject","inLanguage":"es","@id":"https:\/\/www.primanedacademy.com\/es\/opleiding\/oracle-primavera-cloud-gestion-funcional-de-la-aplicacion\/#primaryimage","url":"https:\/\/www.primanedacademy.com\/wp-content\/uploads\/Primaned_Academy_foto_cover_2.jpg","contentUrl":"https:\/\/www.primanedacademy.com\/wp-content\/uploads\/Primaned_Academy_foto_cover_2.jpg","width":1920,"height":755},{"@type":"BreadcrumbList","@id":"https:\/\/www.primanedacademy.com\/es\/opleiding\/oracle-primavera-cloud-gestion-funcional-de-la-aplicacion\/#breadcrumb","itemListElement":[{"@type":"ListItem","position":1,"name":"Home","item":"https:\/\/www.primanedacademy.com\/es\/"},{"@type":"ListItem","position":2,"name":"Opleidingen","item":"https:\/\/www.primanedacademy.com\/opleiding\/"},{"@type":"ListItem","position":3,"name":"Oracle Primavera Cloud – Administrador Funcional de la Aplicación"}]},{"@type":"WebSite","@id":"https:\/\/www.primanedacademy.com\/#website","url":"https:\/\/www.primanedacademy.com\/","name":"Primaned Academy","description":"Opleidingen in Projectbeheersing \/ Project Controls","potentialAction":[{"@type":"SearchAction","target":{"@type":"EntryPoint","urlTemplate":"https:\/\/www.primanedacademy.com\/?s={search_term_string}"},"query-input":{"@type":"PropertyValueSpecification","valueRequired":true,"valueName":"search_term_string"}}],"inLanguage":"es"}]}</script>
<!-- / Yoast SEO plugin. -->

Oracle Primavera Cloud – Administrador Funcional de la Aplicación - Primaned Academy

Primavera Cloud es una plataforma de planificación integral y una aplicación de misión crítica para muchas organizaciones. El gestor funcional de la aplicación suele participar desde la fase de implementación, configurando el software según las necesidades del negocio.
